{"id":23,"date":"2014-09-25T10:34:56","date_gmt":"2014-09-25T07:34:56","guid":{"rendered":"http:\/\/2014.tahtejoutuur.ee\/?page_id=23"},"modified":"2014-09-26T09:02:09","modified_gmt":"2014-09-26T06:02:09","slug":"teised-kel-suda-oiges-kohas","status":"publish","type":"page","link":"https:\/\/tahtejoud.ee\/tahtejoutuur-2014\/kes\/teised-kel-suda-oiges-kohas\/","title":{"rendered":"TEISED, KEL S\u00dcDA \u00d5IGES KOHAS"},"content":{"rendered":"<p>Tahtej\u00f5u Tuuri toetajad, kes \u00fchel v\u00f5i teisel viisil on aidanud Rauno unistust ellu viia<\/p>\n<p>[EVENTR ATTENDEES 2] <\/p>\n","protected":false},"excerpt":{"rendered":"<p class=\"excerpt\">Tahtej\u00f5u Tuuri toetajad, kes \u00fchel v\u00f5i teisel viisil on aidanud Rauno unistust ellu viia [EVENTR ATTENDEES 2] <a href=\"https:\/\/tahtejoud.ee\/tahtejoutuur-2014\/kes\/teised-kel-suda-oiges-kohas\/\">Read more &rarr;<\/a><\/p>\n","protected":false},"author":1,"featured_media":0,"parent":21,"menu_order":0,"comment_status":"closed","ping_status":"closed","template":"","meta":{"footnotes":""},"class_list":["post-23","page","type-page","status-publish","hentry","xfolkentry"],"_links":{"self":[{"href":"https:\/\/tahtejoud.ee\/tahtejoutuur-2014\/wp-json\/wp\/v2\/pages\/23","targetHints":{"allow":["GET"]}}],"collection":[{"href":"https:\/\/tahtejoud.ee\/tahtejoutuur-2014\/wp-json\/wp\/v2\/pages"}],"about":[{"href":"https:\/\/tahtejoud.ee\/tahtejoutuur-2014\/wp-json\/wp\/v2\/types\/page"}],"author":[{"embeddable":true,"href":"https:\/\/tahtejoud.ee\/tahtejoutuur-2014\/wp-json\/wp\/v2\/users\/1"}],"replies":[{"embeddable":true,"href":"https:\/\/tahtejoud.ee\/tahtejoutuur-2014\/wp-json\/wp\/v2\/comments?post=23"}],"version-history":[{"count":0,"href":"https:\/\/tahtejoud.ee\/tahtejoutuur-2014\/wp-json\/wp\/v2\/pages\/23\/revisions"}],"up":[{"embeddable":true,"href":"https:\/\/tahtejoud.ee\/tahtejoutuur-2014\/wp-json\/wp\/v2\/pages\/21"}],"wp:attachment":[{"href":"https:\/\/tahtejoud.ee\/tahtejoutuur-2014\/wp-json\/wp\/v2\/media?parent=23"}],"curies":[{"name":"wp","href":"https:\/\/api.w.org\/{rel}","templated":true}]}}